1
Let y = -3542 - -4114. Calculate the highest common factor of y and 132.
44
Let j be ((-40)/30)/(2 + (-94)/45)*2. What is the highest common factor of j and 980?
10
Let c = 243 - 240. Suppose -c*q + 3*t = -93, -114 - 7 = -4*q + 3*t. What is the highest common factor of 224 and q?
28
Let x = 311 + -292. Suppose -x*i + 21*i - 56 = 0. What is the greatest common divisor of 126 and i?
14
Let r be 26215/28 - 14/(-8). Let l = r + -658. What is the greatest common divisor of l and 168?
56
Let p be 3/(-2)*9*(-2)/(-9). Let z(m) = -m**2 - 13*m - 4. Let l be z(p). Calculate the highest common divisor of l and 286.
26
Let o be 429*(-50)/(-1925)*(-126)/(-1). What is the highest common factor of 286 and o?
26
Suppose 5*p - 669 = -3*i, -5*i = p - 23 - 102. Let u(k) = 2*k**2 - 9*k + 9. Let a be u(6). Calculate the greatest common divisor of p and a.
27
Suppose 4*u + 14 - 114 = 0. Let j(i) = -i**2 - 20*i + 121. Let o be j(-24). Calculate the highest common factor of u and o.
25
Suppose -535*y - 88592 = -563*y. What is the highest common divisor of 84 and y?
28
Let m(x) = 11*x**2 + 3*x - 1. Let t be (-4)/(-3)*((-18)/4 + 6). Suppose 2*u + t = 3*u. Let y be m(u). What is the greatest common factor of y and 245?
49
Let w = 25 - 43. Let t be (-41)/(4/6*w/12). Suppose t*s - 42*s + 248 = 0. Calculate the greatest common factor of 31 and s.
31
Let y be (-6 + (-264)/(-30))*-5. Let z(x) = 11*x - 9 - 19 + 0 + 4*x**2 - 3*x**2. Let p be z(y). Calculate the greatest common divisor of p and 21.
7
Suppose h - 4*h + 1540 = -6935. What is the highest common divisor of h and 25?
25
Let y = 390 - 398. Let g(h) = -h**3 - 8*h**2 - h - 4. Let q be g(y). Calculate the greatest common divisor of q and 98.
2
Suppose -84*f + 296 = -88*f. Let h = f - -108. Suppose -5*z = 5*r - 52 - 163, -z + 2*r + h = 0. What is the greatest common factor of 5 and z?
5
Let w be 1 + (2/2 - -45). Let i(t) = -478*t - 129405. Let p be i(-272). Calculate the greatest common factor of p and w.
47
Let d be 2976/12 + 16/(-6)*-3. Calculate the greatest common divisor of 4192 and d.
32
Suppose -5*g = -4*r + 708, g = -2 - 2. Suppose -9*k + 161 = -r. Suppose -k*a + 33*a = -160. What is the highest common factor of a and 8?
8
Suppose 3 = 2*w + 1. Let z be (8/10)/((-20)/50). Let g be (z + 2/2)*(-5 + -6). What is the highest common divisor of g and w?
1
Let h(a) = -7*a + 37. Suppose -23 = -8*r + 17. Let x be h(r). Calculate the highest common factor of x and 10.
2
Let y = 24 - 27. Let r(a) = -2*a - 6. Let p be r(y). Let k be 10 + 8 + (p - -1). Calculate the highest common factor of 171 and k.
19
Let w be (6/90*-6)/((-2)/370). Suppose -3 + 0 = g + p, -3 = -4*g - p. Calculate the greatest common factor of w and g.
2
Suppose 0 = 36*f - 191 - 61. Suppose 0 = 3*i - 5*i + 26. Let k = 69 - i. What is the highest common factor of k and f?
7
Let o = 22 - 16. Suppose 0 = -o*p - 307 + 67. Let q be 5/p*22*-32. What is the highest common divisor of 8 and q?
8
Suppose 100 - 83 - 841 = -m. Calculate the highest common divisor of 927 and m.
103
Let g be (20/(-8) - -2)/(3/(-18)). Let p(n) = -28*n**2 - g*n + 0*n + 9 + 20*n**2 + 10*n**2. Let k be p(5). What is the greatest common divisor of 484 and k?
44
Let u = -198 + 218. Let v be (-19)/(-1) - (u/4 + -2). What is the highest common divisor of v and 64?
16
Suppose -1112 = -2*u - 12. Let n = -530 + u. What is the greatest common factor of 860 and n?
20
Let z be -1 + -3 + 177 + (0 - 0). Let j be 0 + (-3 + z - -5). Calculate the greatest common factor of 140 and j.
35
Suppose -3*b + 4*u + 2327 = 0, 5*u - 1 = 4*u. Calculate the greatest common factor of b and 7.
7
Let v(p) = 30*p - 585. Let k be v(28). Calculate the greatest common factor of k and 270.
15
Let i(f) = 2*f**2 + 137*f - 2746. Let c be i(23). What is the highest common divisor of c and 1197?
133
Suppose -3841 = -18*l + 29. Let n = 489 + -360. What is the highest common divisor of l and n?
43
Let c be (-3 - -77) + -4 + 5 + 1. Let f be ((-20)/(-6))/(7 + c/(-12)). What is the greatest common factor of f and 1?
1
Let h = 19 - 11. Let i = -162 + 92. Let c = 71 + i. Calculate the greatest common divisor of h and c.
1
Let n(m) = m**3 + 32*m**2 + 24*m + 5. Let d be n(-26). Calculate the highest common factor of d and 7.
7
Suppose 8*c - 17*c = 18. Let r be 605/22*((-28)/(-5) + c). Let o be 66/6 + 1 + -3. Calculate the greatest common divisor of o and r.
9
Let g(m) = 2*m**2 - 13*m - 66. Let x be g(-6). Let f = 112 - x. Calculate the greatest common divisor of f and 14.
14
Let v = -31 + 49. Let n = 2768 + -2318. What is the highest common divisor of n and v?
18
Let q(t) = 250*t**2 - 134*t + 504. Let f be q(4). What is the highest common factor of f and 62?
62
Let d(s) = s**2 - 4*s - 8. Let w be d(-2). Suppose 5*o + 17 = r, -w*r + 3*r + 17 = -4*o. Calculate the greatest common divisor of r and 119.
17
Let l(k) = 5*k**2 + 16*k - 123. Let w be l(7). Suppose -40 = -4*n + 104. Calculate the greatest common divisor of n and w.
18
Suppose 0*g + 3*g + 6 = 0, 2*g = 2*d - 16. Let u be 1 + (d - 6)/(2*-1). Calculate the highest common divisor of u and 11.
1
Let a(j) = 22*j - 1. Let u = -3 + 4. Let f be a(u). Let k be -12 + (-13482)/(-140) - 3/10. Calculate the greatest common factor of f and k.
21
Let o = 22903 + -21954. Calculate the greatest common divisor of 52 and o.
13
Let a be 136/10*8/(144/135). What is the highest common factor of a and 1098?
6
Let y = 31321 - 31241. Calculate the highest common factor of y and 5392.
16
Let j = 0 - -3. Let v be 52 - 316/6 - (-5)/((-15)/(-74)). Calculate the greatest common divisor of j and v.
3
Let h(a) = -33*a - 189. Let k(i) = 34*i + 195. Let f(z) = 3*h(z) + 2*k(z). Let y be f(-9). Calculate the highest common factor of 170 and y.
34
Suppose -228*l - 48 = -230*l. Let d = -10 + 18. Let q be (2 + -1)/(d/48). Calculate the greatest common factor of l and q.
6
Let m(j) = 3*j + 21. Let b be m(11). Suppose 52*l + 100 = b*l. What is the highest common divisor of 20 and l?
10
Let i(m) be the second derivative of m**3/3 - 15*m**2 + m - 4. Let a be (1 - (-33)/(-9))*-6. Let j be i(a). What is the highest common divisor of j and 2?
2
Let i = 13011 - 12927. What is the highest common factor of 3759 and i?
21
Suppose -2*y - 7 = -27. Suppose 2*v + 5 = k - 2*v, 5*k - 25 = -3*v. Suppose l - 4*l = 2*u - 95, -k*l + 65 = u. What is the greatest common divisor of y and u?
10
Let g(d) = -d**3 + 2*d**2 + d + 6. Let c be g(3). Suppose -2*p + c*p = 94. Let m = 67 + p. What is the highest common factor of 80 and m?
20
Let z = 47 - 37. Suppose -7 - 3 = -z*s. Calculate the greatest common factor of s and 11.
1
Suppose 6874 = 74*h - 81*h. Let n = -961 - h. Calculate the greatest common factor of 21 and n.
21
Suppose -176*m + 32779 = -45541. What is the greatest common divisor of 2 and m?
1
Suppose -10*r = -5*r - 30. Suppose -21 = -r*h - h. Let p be (1/(h/66))/(8/12). What is the highest common factor of p and 22?
11
Let f(k) = -45 + 14 + 10 + 13*k + 17 + k**2. Let u be f(-10). Let s be (-746)/(-10) - (3 - u/(-10)). What is the greatest common factor of s and 45?
15
Suppose 20440 = 87*a + 1126. What is the greatest common factor of 22422 and a?
222
Suppose 5*h + 455 = 5*r, -210*r + 215*r = -5*h + 415. What is the greatest common factor of r and 1885?
29
Suppose -8 = 2*k, 0*k + 324 = 2*j + 4*k. Let n be (705/(-188))/((-6)/272). Suppose -544*o + 539*o = -n. Calculate the greatest common divisor of o and j.
34
Let a(h) = h**3 - h**2 - h - 1. Let m be a(2). Let r(j) = m + 18*j - 17*j + 2 + 26. Let w be r(23). Calculate the greatest common divisor of w and 13.
13
Let t = 1932 + 1968. What is the highest common factor of 60 and t?
60
Let o(d) = -d**3 - 35*d**2 - 96*d + 40. Let g be o(-32). What is the highest common divisor of g and 2410?
10
Let f(p) = p**2 + 8*p + 7. Let c be f(-10). Suppose 2*y + 78 = -2*d + 340, 0 = -2*d + 3*y + 282. Calculate the highest common divisor of c and d.
27
Suppose -j - 1036 + 1038 = 0, -3*r + j = -367. What is the greatest common factor of r and 57?
3
Let c be 193 + (-6 - -17) + -1 + 5. Calculate the greatest common factor of c and 128.
16
Suppose 2*r + z - 8 = 0, 18*r + z - 12 = 15*r. Let u(s) = -9*s**3 - s**2 - s. Let n be u(-1). What is the highest common divisor of n and r?
1
Let t(h) = 16*h - 54. Let